{"id":488,"date":"2026-01-03T15:41:02","date_gmt":"2026-01-03T15:41:02","guid":{"rendered":"https:\/\/arifene.fr\/index.php\/le-chat-zabulon-1-le-reveil\/"},"modified":"2026-01-03T16:45:57","modified_gmt":"2026-01-03T16:45:57","slug":"le-chat-zabulon-1-le-reveil","status":"publish","type":"page","link":"https:\/\/arifene.fr\/index.php\/le-chat-zabulon-1-le-reveil\/","title":{"rendered":"Le domaine de N\u00e6vis -1- Pr\u00e9sentation des personnages"},"content":{"rendered":"\n<h1 class=\"wp-block-heading\"><a><\/a><a><\/a><a><\/a><a>Pr\u00e9sentation des personnages<\/a><\/h1>\n\n\n\n<h3 class=\"wp-block-heading\"><a><\/a><a><\/a><a><\/a><a><\/a><a><\/a><a><\/a><a><\/a><a><\/a><a><\/a><a><\/a><a><\/a><a>Les Poulligs<\/a>.<\/h3>\n\n\n\n<ul class=\"wp-block-list\">\n<li>K\u00e6leb &amp; Sylr\u00e6 et leur m\u00e6lli\u00e6n V\u00e6lis puis bient\u00f4t son fr\u00e8re Gr\u00e6vis.<\/li>\n\n\n\n<li>Dr\u00e6vos &amp; N\u00e6riah et leur fils \u00c6lion et bient\u00f4t sa s\u0153ur \u00c6veria.<\/li>\n\n\n\n<li>V\u00e6lis et \u00c6lion et bient\u00f4t B\u00e6drek, un gar\u00e7on.<\/li>\n\n\n\n<li>Mird\u00e6n &amp; \u00c6loria sans enfant mais bient\u00f4t une fille&nbsp;: M\u00e6loria.<\/li>\n<\/ul>\n\n\n\n<h3 class=\"wp-block-heading\"><a><\/a><a><\/a><a><\/a><a><\/a><a><\/a><a><\/a><a><\/a><a><\/a><a><\/a><a><\/a><a><\/a><a>Les animaux<\/a>.<\/h3>\n\n\n\n<ul class=\"wp-block-list\">\n<li>F\u00e6nek le Renard, duc de N\u00e6vis et \u00c6th\u00e9rius l\u2019Aigle noir, marquis de N\u00e6vis.<\/li>\n\n\n\n<li>Comte \u00c6th\u00e9rion des Bois gris, fils a\u00een\u00e9 d\u2019\u00c6th\u00e9rius.<\/li>\n\n\n\n<li>Comte \u00c6th\u00e9lgard des Bois rouges, fils cadet d\u2019\u00c6th\u00e9rius.<\/li>\n\n\n\n<li>Marquis Cairn, l\u2019ours comte de la for\u00eat profonde.<\/li>\n\n\n\n<li>Comte Groms, le fils de Cairn.<\/li>\n\n\n\n<li>L\u2019arm\u00e9e des trois cents aigles.<\/li>\n\n\n\n<li>Les ch\u00e8vres, blaireaux, belettes, h\u00e9rissons et b\u00eates de toute taille.<\/li>\n<\/ul>\n\n\n\n<h3 class=\"wp-block-heading\"><a><\/a><a>Typographie, police de caract\u00e8re en mode de t\u00e9l\u00e9pathie :<\/a><\/h3>\n\n\n\n<p><em>La pens\u00e9e individuelle, pense untel.<\/em><\/p>\n\n\n\n<p>La pens\u00e9e t\u00e9l\u00e9pathique transmet l\u2019un \u00e0 l\u2019autre ou l\u2019un \u00e0 tous.<\/p>\n\n\n\n<p><a href=\"https:\/\/arifene.fr\/index.php\/2026\/01\/03\/le-domaine-de-naevis\/\" data-type=\"post\" data-id=\"486\">\u2b06\ufe0f<\/a><a href=\"https:\/\/arifene.fr\/index.php\/le-domaine-de-naevis-2-prelude\/\" data-type=\"page\" data-id=\"494\">\u27a1\ufe0f<\/a><\/p>\n","protected":false},"excerpt":{"rendered":"<p>Pr\u00e9sentation des personnages Les Poulligs. Les animaux. Typographie, police de caract\u00e8re en mode de t\u00e9l\u00e9pathie : La pens\u00e9e individuelle, pense untel. La pens\u00e9e t\u00e9l\u00e9pathique transmet l\u2019un \u00e0 l\u2019autre ou l\u2019un \u00e0 tous. \u2b06\ufe0f\u27a1\ufe0f<\/p>\n","protected":false},"author":1,"featured_media":0,"parent":0,"menu_order":0,"comment_status":"closed","ping_status":"closed","template":"","meta":{"footnotes":""},"class_list":["post-488","page","type-page","status-publish","hentry"],"_links":{"self":[{"href":"https:\/\/arifene.fr\/index.php\/wp-json\/wp\/v2\/pages\/488","targetHints":{"allow":["GET"]}}],"collection":[{"href":"https:\/\/arifene.fr\/index.php\/wp-json\/wp\/v2\/pages"}],"about":[{"href":"https:\/\/arifene.fr\/index.php\/wp-json\/wp\/v2\/types\/page"}],"author":[{"embeddable":true,"href":"https:\/\/arifene.fr\/index.php\/wp-json\/wp\/v2\/users\/1"}],"replies":[{"embeddable":true,"href":"https:\/\/arifene.fr\/index.php\/wp-json\/wp\/v2\/comments?post=488"}],"version-history":[{"count":6,"href":"https:\/\/arifene.fr\/index.php\/wp-json\/wp\/v2\/pages\/488\/revisions"}],"predecessor-version":[{"id":532,"href":"https:\/\/arifene.fr\/index.php\/wp-json\/wp\/v2\/pages\/488\/revisions\/532"}],"wp:attachment":[{"href":"https:\/\/arifene.fr\/index.php\/wp-json\/wp\/v2\/media?parent=488"}],"curies":[{"name":"wp","href":"https:\/\/api.w.org\/{rel}","templated":true}]}}